ivided by 98.
56
What is the remainder when 19430 is divided by 4635?
890
Calculate the remainder when 65459 is divided by 21807.
38
Calculate the remainder when 991593 is divided by 121.
119
Calculate the remainder when 28176 is divided by 321.
249
Calculate the remainder when 79218 is divided by 277.
273
What is the remainder when 91069 is divided by 35?
34
What is the remainder when 921206 is divided by 91?
13
Calculate the remainder when 2254 is divided by 402.
244
What is the remainder when 372002 is divided by 255?
212
What is the remainder when 2827 is divided by 2814?
13
Calculate the remainder when 63960 is divided by 1333.
1309
What is the remainder when 12553 is divided by 17?
7
Calculate the remainder when 10009 is divided by 79.
55
Calculate the remainder when 23999 is divided by 200.
199
Calculate the remainder when 5710 is divided by 392.
222
What is the remainder when 9964 is divided by 21?
10
Calculate the remainder when 6185 is divided by 796.
613
What is the remainder when 1089 is divided by 730?
359
Calculate the remainder when 3748 is divided by 1536.
676
Calculate the remainder when 38187 is divided by 19082.
23
What is the remainder when 9528 is divided by 169?
64
What is the remainder when 193736 is divided by 3228?
56
What is the remainder when 101 is divided by 29?
14
What is the remainder when 726020 is divided by 22?
20
Calculate the remainder when 5002 is divided by 29.
14
What is the remainder when 5437 is divided by 40?
37
Calculate the remainder when 3468 is divided by 263.
49
What is the remainder when 5209 is divided by 274?
3
Calculate the remainder when 48696 is divided by 74.
4
Calculate the remainder when 1591 is divided by 1287.
304
Calculate the remainder when 4951 is divided by 26.
11
Calculate the remainder when 6193 is divided by 1031.
7
What is the remainder when 166598 is divided by 963?
962
What is the remainder when 3296 is divided by 774?
200
Calculate the remainder when 62288 is divided by 1021.
7
Calculate the remainder when 14728221 is divided by 202.
199
What is the remainder when 3529 is divided by 220?
9
What is the remainder when 550923 is divided by 227?
221
What is the remainder when 16111 is divided by 375?
361
Calculate the remainder when 244325 is divided by 152.
61
What is the remainder when 1758 is divided by 232?
134
What is the remainder when 4182 is divided by 71?
64
What is the remainder when 26548 is divided by 2135?
928
Calculate the remainder when 2148 is divided by 138.
78
What is the remainder when 329254 is divided by 136?
134
Calculate the remainder when 1741197 is divided by 200.
197
What is the remainder when 23255 is divided by 201?
140
What is the remainder when 53071 is divided by 428?
427
Calculate the remainder when 32734 is divided by 4676.
2
What is the remainder when 12666 is divided by 1938?
1038
What is the remainder when 6771 is divided by 146?
55
What is the remainder when 9202 is divided by 59?
57
Calculate the remainder when 502487 is divided by 49.
41
Calculate the remainder when 31795 is divided by 68.
39
Calculate the remainder when 16425 is divided by 53.
48
What is the remainder when 3433 is divided by 347?
310
What is the remainder when 5270 is divided by 75?
20
What is the remainder when 35836 is divided by 17?
0
What is the remainder when 41004 is divided by 112?
12
Calculate the remainder when 18968 is divided by 3146.
92
Calculate the remainder when 8180 is divided by 210.
200
Calculate the remainder when 24302 is divided by 12114.
74
Calculate the remainder when 72918 is divided by 722.
718
Calculate the remainder when 25234 is divided by 574.
552
Calculate the remainder when 4491 is divided by 1474.
69
Calculate the remainder when 467 is divided by 51.
8
What is the remainder when 26533 is divided by 4420?
13
Calculate the remainder when 5822 is divided by 645.
17
What is the remainder when 197441 is divided by 12329?
177
What is the remainder when 2570 is divided by 90?
50
What is the remainder when 22523 is divided by 358?
327
Calculate the remainder when 7650 is divided by 294.
6
Calculate the remainder when 133226 is divided by 66.
38
Calculate the remainder when 96728 is divided by 113.
0
Calculate the remainder when 5974 is divided by 49.
45
What is the remainder when 69736 is divided by 586?
2
What is the remainder when 2024 is divided by 913?
198
Calculate the remainder when 2816 is divided by 72.
8
Calculate the remainder when 10858 is divided by 213.
208
Calculate the remainder when 27290 is divided by 1705.
10
What is the remainder when 660327 is divided by 330?
327
Calculate the remainder when 1215 is divided by 1055.
160
Calculate the remainder when 9621 is divided by 45.
36
Calculate the remainder when 194649 is divided by 425.
424
What is the remainder when 13690 is divided by 577?
419
Calculate the remainder when 12223 is divided by 1730.
113
What is the remainder when 33995 is divided by 606?
59
What is the remainder when 76803 is divided by 362?
59
Calculate the remainder when 560 is divided by 360.
200
What is the remainder when 10638 is divided by 36?
18
What is the remainder when 10966 is divided by 1525?
291
What is the remainder when 2347 is divided by 1364?
983
What is the remainder when 22041 is divided by 107?
106
Calculate the remainder when 10897 is divided by 1345.
137
What is the remainder when 12319 is divided by 11995?
324
What is the remainder when 12219 is divided by 4?
3
Calculate the remainder when 34692 is divided by 34691.
1
Calculate the remainder when 125309 is divided by 10.
9
What is the remainder when 823580 is divided by 276?
272
What is the remainder when 2732 is divided by 1365?
2
What is the remainder when 11800 is divided by 2357?
15
What is the remainder when 148601 is divided by 94?
81
Calculate the remainder when 1597 is divided by 677.
243
What is the remainder when 3190 is divided by 42?
40
What is the remainder when 397669 is divided by 91?
90
Calculate the remainder when 130237 is divided by 1973.
19
What is the remainder when 99680 is divided by 75?
5
Calculate the remainder when 117110 is divided by 35.
0
Calculate the remainder when 33433 is divided by 912.
601
What is the remainder when 45119 is divided by 65?
9
Calculate the remainder when 23729 is divided by 187.
167
What is the remainder when 53969 is divided by 3854?
13
What is the remainder when 23186 is divided by 23175?
11
What is the remainder when 143983 is divided by 35994?
7
What is the remainder when 551156 is divided by 5926?
38
Calculate the remainder when 43946 is divided by 328.
322
What is the remainder when 300616 is divided by 10366?
2
Calculate the remainder when 149561 is divided by 29906.
31
What is the remainder when 239 is divided by 196?
43
What is the remainder when 159749 is divided by 463?
14
Calculate the remainder when 59561 is divided by 190.
91
What is the remainder when 6486 is divided by 49?
18
What is the remainder when 15274 is divided by 878?
348
What is the remainder when 901 is divided by 27?
10
Calculate the remainder when 1763181 is divided by 872.
869
Calculate the remainder when 2547 is divided by 505.
22
What is the remainder when 8792 is divided by 268?
216
What is the remainder when 476 is divided by 4?
0
Calculate the remainder when 189761 is divided by 251.
5
Calculate the remainder when 5080 is divided by 346.
236
What is the remainder when 6619 is divided by 231?
151
Calculate the remainder when 1842 is divided by 59.
13
Calculate the remainder when 7987 is divided by 1053.
616
Calculate the remainder when 170908 is divided by 422.
420
What is the remainder when 43023 is divided by 157?
5
Calculate the remainder when 2410658 is divided by 20.
18
What is the remainder when 6829 is divided by 757?
16
What is the remainder when 15652 is divided by 19?
15
Calculate the remainder when 1088526 is divided by 507.
504
Calculate the remainder when 193976 is divided by 32324.
32
Calculate the remainder when 8514 is divided by 341.
330
What is the remainder when 115356 is divided by 234?
228
What is the remainder when 7031806 is divided by 218?
216
Calculate the remainder when 3480 is divided by 3464.
16
Calculate the remainder when 70869 is divided by 373.
372
What is the remainder when 6946 